te the greatest common factor of x and 6.
2
Suppose -2*s = 5*y - 132, -10*s - 50 = -2*y - 8*s. Calculate the greatest common factor of 182 and y.
26
Let j be (1 - (3 + -3))/((-61)/(-100528)). What is the greatest common divisor of 721 and j?
103
Suppose 164*n = 153*n - 77. Let j be (-1310)/n - (0 - 3/(-21)). What is the highest common divisor of j and 85?
17
Suppose 4*f - 4*s + 28 = 0, -6*s - 19 = f - 3*s. Let d(o) = -9*o - 30. Let y be d(f). What is the greatest common divisor of 40 and y?
20
Suppose 0 = -3*l + 15 + 39. Let h = 84 - l. What is the highest common factor of 6 and h?
6
Let q be (-2 - 1) + (76 - -1) + -6 + 4. What is the highest common divisor of q and 1320?
24
Suppose 4*w + 89 = -19. Let u be (-6)/w + 12844/117. Calculate the greatest common divisor of 30 and u.
10
Suppose -3*v + 4*q + 127 = -104, -q + 6 = 0. What is the highest common divisor of 629 and v?
17
Suppose -3*b + 6 = 0, 496 = 9*j - 6*j - 4*b. Suppose -2*n + 178 = 2*h, 0 = 4*h - 32 + 12. Calculate the highest common factor of n and j.
84
Let j(f) = -119*f - 2827. Let t be j(-60). What is the greatest common divisor of 38 and t?
19
Let g = -32 - -34. Let q(d) = -14*d**2 + 4*d**2 - 15 + 9*d**g + 15*d. Let c be q(6). What is the highest common factor of c and 195?
39
Let d(g) = g**3 + 13*g**2 + 33*g + 189. Let x be d(-9). Calculate the highest common divisor of x and 24.
24
Let i = 2418 + -2356. What is the highest common divisor of i and 48?
2
Let d be -12*(-10)/(-8)*-1*7. Calculate the highest common factor of 465 and d.
15
Let c = -452 - -455. Suppose -f - 3*j - 52 = -c*f, 4*j + 144 = 5*f. What is the greatest common divisor of f and 4?
4
Let o be 6 - ((-501)/9)/((-2)/(-12)). What is the highest common divisor of 40 and o?
20
Let s be (-17)/9 - 11/99. Let b be 6*-1*(s - (-4 + 4)). Calculate the highest common divisor of 64 and b.
4
Let t = -50 + 47. Let k be 6/(-5 + 4) - t. Let m be (k/9)/((-5)/60). Calculate the highest common factor of 4 and m.
4
Let n be (-2)/((-5)/105*1). Calculate the greatest common factor of 266 and n.
14
Let r(b) = b**3 - 18*b**2 - 15*b - 16. Let d be r(19). Let p be d/(-50)*(-200)/15. Calculate the greatest common factor of 52 and p.
4
Suppose 49*z + 60 = 39*z. Let p be (z/2)/(8/(-80)). Calculate the greatest common factor of p and 70.
10
Let g be (-1)/(-2) + (1067/2)/(-11). Let m = -28 - g. What is the highest common factor of m and 180?
20
Let v = -127 - 22. Let g = v + 270. Calculate the greatest common factor of 11 and g.
11
Suppose -k = 2 + 52. Let w be 84/108 + -4*3/k. Calculate the greatest common divisor of w and 17.
1
Let k(z) = 4*z**3 + 23*z**2 - 7*z - 8. Let q be k(-6). Let x be 31 + (((-180)/5)/6)/q. What is the highest common factor of x and 170?
34
Suppose 44 = -w + 3*w - 2*n, 4*w - 91 = 3*n. What is the greatest common factor of w and 8825?
25
Let r(w) be the third derivative of -w**6/120 + w**5/12 + 5*w**4/24 + 2*w**3 - 36*w**2 - 2. Let i be r(6). What is the highest common divisor of i and 2?
2
Let c be (0 - 2)/(-4) - 67/(-2). Suppose -35*y + 36*y = c. Let l = y - -8. What is the greatest common factor of 28 and l?
14
Suppose 2*p + 8 = -2*o, 32*p - 1 = 27*p - 2*o. What is the greatest common divisor of 15027 and p?
3
Suppose -4 = 2*c + 5*g + 2, 0 = -2*c + 4*g + 12. Suppose 0 = -10*i + 5*i + 3*n + 793, -i - c*n = -169. What is the greatest common factor of 92 and i?
23
Let g be (-9 + 9 - (0 - -1))*4. Let s(i) = -i**2 - 4*i + 12. Let m be s(g). What is the highest common divisor of 32 and m?
4
Suppose -2*o = 2*h - 54, -241*h + 239*h = 3*o - 60. Calculate the greatest common factor of 19299 and h.
21
Suppose 8*z = 7*z + 56. Let p = -14 + z. Let h(j) = -j**2 + 35*j + 207. Let m be h(-5). What is the highest common factor of m and p?
7
Suppose 1185603 = 242*z - 5907901. What is the greatest common factor of 256 and z?
128
Let v(j) = -62*j - 2712. Let h be v(-44). Calculate the greatest common divisor of 464 and h.
16
Suppose -s - 20 = s. Let m(i) = -i. Let d(h) = 6*h + 5. Let n(r) = -d(r) - 5*m(r). Let j be n(s). Calculate the greatest common divisor of 25 and j.
5
Let q be (-3 + 9)/(1/(-2) + -1). Let w be -36*((-4)/q)/(-1). Let x(f) = -f**3 + f - 6. Let h be x(-3). Calculate the highest common divisor of h and w.
18
Let p(a) = -2*a**3 + 34*a**2 + 2*a - 23. Let l be p(17). Suppose -l*y = y - 120. Suppose -10*g + 4*g = -30. What is the highest common divisor of y and g?
5
Suppose -82 = -3*i + 140*l - 138*l, 5*i - 4*l = 138. What is the highest common divisor of i and 429?
13
Suppose 0 = -3*x + t + 63, 0 = -3*x - t - t + 63. Let m be 28/6*36/x. Suppose -25 - 39 = -m*d. What is the greatest common factor of 20 and d?
4
Let b be 7/(280/13625) - ((-20)/60 - (-1)/(-24)). Suppose 155 = -0*n + 5*n. What is the highest common divisor of n and b?
31
Suppose 0*j + j - 56 = -5*u, 2*u + 3*j - 12 = 0. Let o(l) = 4*l**2 - 27*l - 48. Let q be o(-10). Let s = q - 619. What is the greatest common factor of u and s?
3
Let x(c) = c**3 + 22*c**2 + 20*c + 331. Let v be x(-20). Calculate the highest common divisor of v and 473.
43
Suppose -10*r = -13*r + 2016. Suppose r = 5*k - 953. What is the highest common divisor of k and 25?
25
Let t = 75 - 39. Suppose -15*f + t = -14*f. Suppose -2*u = 6*u - 432. Calculate the greatest common factor of u and f.
18
Let u(f) = -f**3 + 119*f**2 + 19*f - 136. Let p be u(119). Calculate the greatest common divisor of 375 and p.
125
Suppose 4*f + 49*g - 54*g - 1640 = 0, 0 = f + 4*g - 452. What is the greatest common divisor of f and 1560?
60
Let f(n) = 26*n - 29. Let l(z) = -9*z + 10. Let g(o) = 6*f(o) + 17*l(o). Let t be g(-5). Let m = t + 35. Calculate the greatest common factor of m and 48.
16
Suppose -3*m + 5 = 17. Let q(h) = -h**3 - 4*h**2 - 2*h + 4. Let i be q(m). Suppose -115*x = -121*x + 18. What is the highest common divisor of i and x?
3
Suppose 2*c - 26*n = -28*n + 1262, c - 3*n = 655. Calculate the greatest common divisor of 325 and c.
13
Suppose -23*q = -25*q + 446. Let h = q - 203. What is the greatest common divisor of h and 50?
10
Suppose -2*c - 2*x + 1132 = 0, 4*c = -46*x + 48*x + 2300. What is the highest common divisor of 52 and c?
52
Let j = 469 + -199. Suppose -5*w - w = -j. Let q = w - 18. Calculate the greatest common factor of 3 and q.
3
Let y = -369 + 392. Suppose 0*i + 759 = 3*i. Calculate the highest common divisor of y and i.
23
Suppose t - 2*t - 228 = -4*i, -4*t - 296 = -5*i. Suppose 4*o + 1063*w - 2476 = 1066*w, 2*o + 4*w = 1216. Calculate the greatest common divisor of i and o.
56
Suppose y = -5*l + 15, y + 0*y - l = -3. Let m be 5 + -2 + -5 - (0 - y). Let u be (m - (1/(-1) - 4))*9. What is the highest common divisor of 36 and u?
9
Let j be (-6)/9 - (-44)/(-12)*-10. Let l = -2123 - -1475. Let k be (1 - (0 + 0))/((-2)/l). Calculate the greatest common factor of j and k.
36
Suppose 21 = 4*y - 27 - 124. Calculate the greatest common factor of 3827 and y.
43
Suppose 6*d - 60 = -5*o + 10*d, 20 = -4*d. Suppose 4*b - 2*q - 44 = 0, 0 = -4*b - o*q + 6*q + 36. Calculate the greatest common divisor of b and 135.
5
Let h(k) = k**2 + 12*k + 19. Let l be h(-9). Let o be 0/(-4 - l) - 1*-2. Suppose f = n - 66, n - 88 = -o*f - 31. What is the greatest common divisor of n and 7?
7
Let w be 304/6 + 2/(-3). Let m be 38996/26 - 18/(-117). Suppose 46*j = 58*j - m. What is the greatest common factor of j and w?
25
Suppose -3*m - 16 = -124. Suppose -23*r + 475 + 1685 = 17*r. Calculate the highest common factor of m and r.
18
Let b = 10067 - 9957. What is the highest common factor of b and 7095?
55
Suppose -68 = -13*z - 16. Suppose -2*o + 2*a = -180, -410 = -9*o + z*o - 5*a. What is the highest common divisor of 215 and o?
43
Let r = -527 - -518. Let m(d) = -11*d - 79. Let p be m(r). Let f(a) = -a**3 + 5*a**2 - 3*a + 1. Let u be f(4). Calculate the greatest common divisor of u and p.
5
Let c(n) = n**3 + 7*n**2 - 28*n - 24. Let v be c(-8). Calculate the highest common factor of v and 2176.
136
Let b = -60 - -159. Suppose 4*t + 101 = -2*d + 553, t - 5*d = 80. Calculate the greatest common divisor of b and t.
11
Suppose -2 = 2*l + 5*m, 3*m = 33*l - 41*l + 94. Calculate the highest common divisor of l and 203.
7
Let u be (-1)/((2 + -3)*1). Let h(f) = -74*f. Let w(a) = 149*a. Let x(q) = -5*h(q) - 2*w(q). Let t be x